alculate the remainder when 3132088 is divided by 1043856.
520
What is the remainder when 358071 is divided by 5852?
1099
What is the remainder when 531787 is divided by 531779?
8
Calculate the remainder when 6081625 is divided by 626.
35
What is the remainder when 807083 is divided by 8869?
4
What is the remainder when 3693384 is divided by 9745?
29
Calculate the remainder when 151009 is divided by 74409.
2191
What is the remainder when 1135642 is divided by 5209?
80
Calculate the remainder when 572590759 is divided by 8.
7
Calculate the remainder when 13677984 is divided by 4954.
4944
Calculate the remainder when 114754 is divided by 11452.
234
What is the remainder when 317296 is divided by 7160?
2256
What is the remainder when 2435923 is divided by 3961?
3869
What is the remainder when 783715 is divided by 783685?
30
What is the remainder when 4944590 is divided by 1648188?
26
Calculate the remainder when 244895 is divided by 244878.
17
What is the remainder when 10142606 is divided by 28?
26
What is the remainder when 1520969 is divided by 2533?
1169
What is the remainder when 78651997 is divided by 2621733?
7
What is the remainder when 31006489 is divided by 121?
118
Calculate the remainder when 3143366 is divided by 7.
2
What is the remainder when 370989313 is divided by 358?
357
Calculate the remainder when 172070 is divided by 24542.
276
Calculate the remainder when 2498516 is divided by 4899.
26
Calculate the remainder when 567957387 is divided by 283978693.
1
What is the remainder when 141771 is divided by 23311?
1905
Calculate the remainder when 54663 is divided by 6802.
247
What is the remainder when 23039802 is divided by 1636?
14
What is the remainder when 91583951 is divided by 304?
303
Calculate the remainder when 1981464 is divided by 66019.
894
What is the remainder when 659968 is divided by 393?
121
Calculate the remainder when 194621 is divided by 14.
7
What is the remainder when 17843291 is divided by 2884?
2867
Calculate the remainder when 36957663 is divided by 439972.
15
Calculate the remainder when 407982 is divided by 245.
57
Calculate the remainder when 96377063 is divided by 283.
281
What is the remainder when 31590 is divided by 31496?
94
Calculate the remainder when 25074184 is divided by 5154.
5128
Calculate the remainder when 150133471 is divided by 89.
83
What is the remainder when 937391 is divided by 187478?
1
Calculate the remainder when 20171564 is divided by 38.
24
Calculate the remainder when 2323611 is divided by 214.
213
What is the remainder when 11653906 is divided by 2554?
4
What is the remainder when 19225 is divided by 8744?
1737
What is the remainder when 1065701 is divided by 355233?
2
Calculate the remainder when 3370509 is divided by 68785.
44
Calculate the remainder when 108776679 is divided by 29.
28
What is the remainder when 41425 is divided by 4557?
412
Calculate the remainder when 2257461 is divided by 136.
133
What is the remainder when 46882436 is divided by 28?
20
What is the remainder when 25091 is divided by 503?
444
What is the remainder when 25054354 is divided by 2599?
2593
What is the remainder when 22703 is divided by 76?
55
Calculate the remainder when 45285 is divided by 2138.
387
What is the remainder when 336929 is divided by 1782?
131
Calculate the remainder when 44485 is divided by 8893.
20
Calculate the remainder when 183082 is divided by 579.
118
Calculate the remainder when 3423280 is divided by 1124.
700
Calculate the remainder when 51706345 is divided by 655.
645
What is the remainder when 87742 is divided by 528?
94
Calculate the remainder when 27837 is divided by 37.
13
What is the remainder when 123467 is divided by 242?
47
What is the remainder when 176959968 is divided by 4033?
4027
Calculate the remainder when 153462 is divided by 6734.
5314
Calculate the remainder when 2212727 is divided by 1106354.
19
Calculate the remainder when 6924930 is divided by 39.
12
What is the remainder when 7542003 is divided by 2530?
73
Calculate the remainder when 2164981 is divided by 312.
13
Calculate the remainder when 49459 is divided by 7789.
2725
What is the remainder when 149310334 is divided by 12?
10
What is the remainder when 453797 is divided by 3872?
773
What is the remainder when 35392574 is divided by 336?
14
What is the remainder when 576887 is divided by 47994?
959
Calculate the remainder when 26282 is divided by 26219.
63
Calculate the remainder when 1085056 is divided by 3976.
3584
Calculate the remainder when 20265192 is divided by 148.
144
What is the remainder when 90285690 is divided by 3119?
3116
What is the remainder when 2140955 is divided by 319?
146
What is the remainder when 31502639 is divided by 58?
55
Calculate the remainder when 212674671 is divided by 242.
231
What is the remainder when 84648981 is divided by 1428?
1425
Calculate the remainder when 19601253 is divided by 245.
28
What is the remainder when 35357727 is divided by 73970?
67
Calculate the remainder when 414924 is divided by 5609.
5467
What is the remainder when 7172 is divided by 1106?
536
Calculate the remainder when 29292177 is divided by 29292171.
6
What is the remainder when 2210627 is divided by 2699?
146
Calculate the remainder when 2122820 is divided by 2063.
2056
Calculate the remainder when 810303 is divided by 41.
20
What is the remainder when 525368 is divided by 1443?
116
What is the remainder when 26862 is divided by 925?
37
Calculate the remainder when 1106698 is divided by 84.
82
What is the remainder when 67783 is divided by 1214?
1013
What is the remainder when 6718928 is divided by 1679721?
44
Calculate the remainder when 302929 is divided by 15132.
289
Calculate the remainder when 2139054 is divided by 38.
34
What is the remainder when 21202339 is divided by 191012?
7
What is the remainder when 5532314 is divided by 231?
95
Calculate the remainder when 96282443 is divided by 7.
5
What is the remainder when 5876124 is divided by 1258?
6
Calculate the remainder when 26421 is divided by 149.
48
Calculate the remainder when 3007404 is divided by 674.
16
Calculate the remainder when 77671 is divided by 38715.
241
Calculate the remainder when 173125 is divided by 43277.
17
What is the remainder when 20525168 is divided by 15?
8
Calculate the remainder when 482432 is divided by 2058.
860
Calculate the remainder when 23059832 is divided by 7686605.
17
What is the remainder when 352321 is divided by 32025?
46
What is the remainder when 25776 is divided by 84?
72
What is the remainder when 1342124 is divided by 1503?
1448
What is the remainder when 233616492 is divided by 7358?
7350
Calculate the remainder when 2954663 is divided by 46.
37
Calculate the remainder when 419797 is divided by 5169.
1108
What is the remainder when 9645239 is divided by 19446?
23
What is the remainder when 7794468 is divided by 335?
23
Calculate the remainder when 429481 is divided by 22604.
5
What is the remainder when 89545 is divided by 1541?
167
Calculate the remainder when 23921293 is divided by 1096.
1093
Calculate the remainder when 38896232 is divided by 74088.
32
What is the remainder when 75452 is divided by 37660?
132
What is the remainder when 2386998 is divided by 7750?
7748
What is the remainder when 11111 is divided by 3534?
509
Calculate the remainder when 2718646 is divided by 37.
34
What is the remainder when 373707 is divided by 2746?
251
What is the remainder when 379445 is divided by 1833?
14
What is the remainder when 16899 is divided by 59?
25
Calculate the remainder when 1427242 is divided by 75.
67
Calculate the remainder when 1705245 is divided by 429.
399
What is the remainder when 33929 is divided by 8402?
321
Calculate the remainder when 283789 is divided by 8453.
4840
What is the remainder when 2808062 is divided by 42?
26
What is the remainder when 14300194 is divided by 4396?
6
Calculate the remainder when 193185 is divided by 3372.
981
What is the remainder when 4672688 is divided by 1204?
1168
Calculate the remainder when 798730 is divided by 513.
502
Calculate the remainder when 334346 is divided by 7602.
7460
What is the remainder when 53860 is divided by 5417?
5107
Calculate the remainder when 25354967 is divided by 114.
113
Calculate the remainder when 560